t the prime factors of (-3)/(-4) + y/v.
2, 3, 11
Let j = -2939 + 4306. What are the prime factors of j?
1367
Let i = -173 + 545. Suppose -748 = -5*r + i. What are the prime factors of r?
2, 7
Suppose -12*y + 1086 = -246. Suppose -4*j + y = n - 315, -5*j = -5*n + 2155. What are the prime factors of n?
2, 5, 43
Let s(c) = 5*c - 38. Suppose 2*k = 2*m + 158, -6*k + 318 = -2*k - 2*m. Suppose 7*n + k = 11*n. List the prime factors of s(n).
2, 31
Let k be ((-5)/(10/(-4)) + -8)*116. Let j = k - -1064. What are the prime factors of j?
2, 23
Let y(q) = -q**2 + 8*q + 16. Let f be y(10). Let t be 60/16 - 1/f. Suppose 0 = -p - t*x + 91, x = -x + 2. What are the prime factors of p?
3, 29
Let q be -18*(-5)/(-6)*(-13 - -11). Let v = q - 28. Suppose -m = v*m - 108. What are the prime factors of m?
2, 3
Suppose -n + 4*n - 12 = 0. Let m(c) be the second derivative of -c**5/20 + 3*c**4/4 + c**2 + 4086*c. What are the prime factors of m(n)?
2, 41
Let k = 4458 - -13979. What are the prime factors of k?
103, 179
Suppose 0 = -8*g + 2*g + 30. What are the prime factors of (18890/12)/g - 22/(-132)?
3, 5, 7
Suppose -4*h - q + 3*q - 1490 = 0, -3*h - 1100 = -5*q. Let m = 258 + h. Let l = 177 + m. What are the prime factors of l?
2, 3, 5
Let v(b) be the first derivative of 2*b**3 + 21*b**2 + 9*b - 127. What are the prime factors of v(-10)?
3, 7
Let c be ((-3)/(-2))/(9/4440). Let f = -94 - c. What are the prime factors of 1/(-2) + f/(-12) + 0?
3, 23
Let m(i) = -i**3 + 19*i**2 - 14*i - 41. Let b be m(18). Suppose 0 = b*v - 944 - 1505. What are the prime factors of v?
79
Suppose -5*a + 43746 + 6075 = -2*a. List the prime factors of a.
16607
Let a(m) = m**2 - 13*m + 44. Let q = 198 - 205. What are the prime factors of a(q)?
2, 23
Suppose 90 = 3*b + 2*b + 3*p, 0 = 2*p. Let l = -14 + b. Suppose 3*k + 5*y - 603 = 6*y, -k = l*y - 214. What are the prime factors of k?
2, 101
Let q be 12/15*(1 - 15/(-10)). Suppose 2*l - 3*z - 992 = -q*z, l + 3*z = 496. List the prime factors of l.
2, 31
Suppose -26*w + 1001 = z - 27*w, -3*z + 5*w = -3001. What are the prime factors of z?
2, 3, 167
Let t(w) = -w**2 - 10*w + 26. Let f be t(5). Let x = 400 + f. What are the prime factors of x?
3, 13
Let z(h) = 17715*h + 329. What are the prime factors of z(1)?
2, 13, 347
Let w(q) = 40*q**3 + 3*q**2 - 8*q + 6. Let r be -3 + 3 - ((-6 - -7) + -2). What are the prime factors of w(r)?
41
Suppose 4*u + 4*h = u + 26, 47 = 5*u + 3*h. Suppose -5*k - 1 = 9. What are the prime factors of 5/u*k*-2?
2
Let o = 98 - 110. Let h be -4*327/o + 2*-1. Suppose -h = -i - 3. What are the prime factors of i?
2, 13
Let o(s) = -60*s**3 - 7*s**2 - 3*s - 7. Let b(a) = a**2 - 2*a + 1. Let g(c) = 2*b(c) + o(c). List the prime factors of g(-2).
7, 67
Let q(f) = -2*f**3 - 2*f**2 + 7*f - 11. Let u(t) = -t**2 + t - 2. Let k(y) = q(y) + u(y). What are the prime factors of k(-6)?
263
Let d = 27417 - 13218. List the prime factors of d.
3, 4733
Let j = 19255 - 10501. List the prime factors of 162/891 - j/(-11).
2, 199
Let m(q) = 15*q**2 + 10*q + 4. Let x(b) = -16*b**2 - 9*b - 1. Let r(w) = 4*m(w) + 3*x(w). List the prime factors of r(-8).
677
Suppose 4*t - 200 = -3*a, -2*t + 72 - 6 = a. Let w = a + -68. Suppose -137 = -w*n - n. List the prime factors of n.
137
Let a be (-2)/13 - 67/(-13). Suppose -35 = -a*y - 10. Suppose o - y*o + 68 = 0. What are the prime factors of o?
17
Suppose 2*u + 14 = p, -3*p + 11*u = 8*u - 42. Suppose -2675 = -p*x + 3891. List the prime factors of x.
7, 67
Let w(r) = -r**3 - 10*r**2 - 11*r - 18. Let i be w(-9). Suppose i = -2*m - y + 75, -m - y - 69 = -3*m. List the prime factors of (0 + 45/6)/(3/m).
2, 3, 5
What are the prime factors of (281212/(-687))/(8/(-246))?
41, 307
Let l = -12208 - -17508. List the prime factors of l.
2, 5, 53
Suppose 0 = b - 5*y - 472 + 168, -5*b + 1496 = -y. Let u = 885 - b. List the prime factors of u.
2, 293
Let z(c) = 14*c**3 - 2*c**2 - 6*c + 6. Let f be z(-4). Let j = -613 - f. What are the prime factors of j?
3, 5, 19
Let k be 12/(-1)*4/((-16)/498). List the prime factors of k/21 - 1/7.
71
Suppose -2*r + 3014 = 2*n, -49*r - 3024 = -51*r + 3*n. What are the prime factors of r?
3, 503
Let g(n) = -31*n**3 - 3*n**2 + 7*n + 15. Suppose 0 = -4*d - w - 19, 11*d - 3*w = 16*d + 29. What are the prime factors of g(d)?
3, 641
Suppose 2*q - 2*s = 3*q - 24, -4*q - 2*s + 114 = 0. Let w(y) = 8*y - 58. Let n be w(12). Let h = n - q. What are the prime factors of h?
2
Let z(r) = r**2 - 16*r + 26. Suppose 3*a + 82 = 4*j, j + j + a - 36 = 0. Let n be z(j). Suppose 4*y + 156 = 4*d, d = 3*d - y - n. List the prime factors of d.
2, 11
Let a = -2798 - -1238. What are the prime factors of ((-85)/(-15))/((-8)/a)?
5, 13, 17
Suppose 1069 - 943 = 3*a. What are the prime factors of (a/9)/(-7) + 4823/3?
1607
What are the prime factors of (-6014141)/(-161) + 2/23?
5, 31, 241
Let q(y) = 319*y - 2266. What are the prime factors of q(45)?
7, 11, 157
Suppose 2*h + 25 = 11. Let b be 4 + h - (-1 + -2). Suppose b = -6*g + 176 + 16. What are the prime factors of g?
2
Suppose -19 + 54 = 7*c. Suppose 53 = 2*y - 0*y - 3*r, -111 = -4*y + c*r. What are the prime factors of y?
2, 17
Let i be 117/(-54) - ((-195)/(-18))/13. Let t be -1*(2 + 0 - 1). List the prime factors of i*6*27*t/2.
3
Let c(t) = 2*t**3 + t**2 - t. Let r(p) = 38*p**3 + 14*p**2 + 27*p. Let y(d) = 6*c(d) - r(d). List the prime factors of y(-3).
3
Let z(t) = -1. Let i(o) = 7*o - 4. Let f(m) = -i(m) - 4*z(m). Let n = 995 - 998. List the prime factors of f(n).
29
Let i be ((-6)/(-1))/((-36)/(-90)). Let l(c) = -6*c - 31. Let s be l(4). List the prime factors of (-814)/s*(0 + i).
2, 3, 37
Suppose -u + 5 = 0, 4*a + 110 + 2988 = 2*u. Suppose -4*q - 8 = -2*y, 5*q = 4*y - 26 + 7. List the prime factors of a/y*6/(-4).
193
Suppose -5*q - 3*k = -q - 184551, 3*q = -k + 138417. List the prime factors of (q/(-8))/15*-2.
769
Suppose 0 = 16*l - 18*l - 3*g + 8206, -2*l + 3*g + 8230 = 0. What are the prime factors of l?
7, 587
Let n = -7881 + 11800. List the prime factors of n.
3919
Suppose -101941 - 40268 = -103*r + 288331. What are the prime factors of r?
2, 5, 11, 19
What are the prime factors of (-790)/237*6639/(-2)?
5, 2213
Let c be (-2 - (-25)/10)*10. Let r = 5 - c. Suppose r = 5*d + 4*y - 374, -d + y = -0*d - 73. List the prime factors of d.
2, 37
Suppose -3*h + 7*b + 20164 = 0, 4*h + 4*b - 27227 = -315. List the prime factors of h.
2, 3, 19, 59
Let r(l) be the second derivative of l**4/24 + 14*l**3/3 - 8*l**2 + 16*l. Let i(g) be the first derivative of r(g). What are the prime factors of i(12)?
2, 5
Let n = -148 - -255. Let j = n - 103. Suppose -j*y - 224 = -3*g - 2*y, -3*g - y + 221 = 0. List the prime factors of g.
2, 37
Let p(h) = 8*h**2 - 44*h - 164. What are the prime factors of p(-55)?
2, 3307
Let f = 191 - 53. Suppose f*r = 149*r - 3245. List the prime factors of r.
5, 59
Suppose 4*w - 72720 = -4*l, l - 32855 = -2*w + 3500. What are the prime factors of w?
5, 727
Suppose b + 2 = -3*g - 4*b, -g = -b - 2. Let v(j) = 115*j + 2. Let u be v(g). Suppose f + 2*z - 121 = -z, u = f + 2*z. List the prime factors of f.
109
Suppose 0 = -3*j + 6, 0*a = 2*a - j + 6. Let g(x) = -93*x**3 + 7*x**2 + 2*x + 3. What are the prime factors of g(a)?
3, 257
Let t be ((-23)/((-276)/(-8)))/((-1)/(-129)). Suppose 0 = 2*o - 134 - 332. Let y = t + o. What are the prime factors of y?
3, 7
Suppose -3*a + 10 = 5*s - 0, 2*a - 5*s - 15 = 0. Let f(g) = 12*g**2 - 11*g + 11. What are the prime factors of f(a)?
2
Let v = 27950 - -29870. What are the prime factors of v?
2, 5, 7, 59
Suppose -4 + 6 = i. Suppose -i*n + 5*m = -100 - 423, -1028 = -4*n + 4*m. List the prime factors of n.
2, 127
Let a(r) = -149*r + 13098. What are the prime factors of a(-103)?
5, 5689
Suppose -114*s + 247*s - 1118400 = 101*s. What are the prime factors of s?
2, 3, 5, 233
Let n = 41 + -34. Suppose -n*c = -4*c - 1047. Suppose -2*x - m = -145, 0 = 3*x + 5*m + 135 - c. What are the prime factors of x?
73
Suppose -7*p + 6*p = 1. Let v be 1270 + 3/((-4)/(-8) - p). Suppose j + v = 9*j. What are the prime factors of j?
3, 53
Suppose 2*i - r - 6117 = 810, i + 2*r = 3461. What are the prime factors of i?
3463
Let m = -389 - -368. What are the prime factors of (m + -208)*1/(-1)?
229
List the prime factors of (1174/(-8))/(32/(-1536)).